ndreds digit of t?
1
Let u(s) = -s**3 + 5*s**2 + 7*s - 2. Let j be u(6). Suppose j*n - 7 + 31 = 0. Let c(l) = l + 10. What is the units digit of c(n)?
4
Let y = -99 + 109. Suppose 2*i = y, -h + 3*i + 1021 = 3*h. What is the units digit of h?
9
Let l(a) = 2*a**3 + 22*a**2 - 20*a + 8. What is the hundreds digit of l(-10)?
4
Suppose 2*i + 2*y - 73 - 1019 = 0, 3*i + 5*y - 1628 = 0. What is the tens digit of i?
5
What is the hundreds digit of (-15088)/(-24) + 10/3 + -3?
6
What is the tens digit of -140*((-2)/4 + -2)?
5
Let c be 2/(-4)*-11*34. Suppose 5*y - x - 19 = c, 2*y - 83 = x. What is the units digit of y?
1
Let t = 39 + -19. Let f = 42 - t. What is the units digit of f?
2
What is the thousands digit of -1 + 2 + 0 - (-20520)/8?
2
Suppose 8*k + 707 - 19 = 0. Let h = 158 + k. What is the tens digit of h?
7
Let t(v) be the second derivative of -v**5/20 + 11*v**4/12 - v**3/2 - 11*v**2/2 + 27*v. What is the hundreds digit of t(9)?
1
Suppose -386 = -2*k + 164. What is the units digit of k?
5
Let f(r) = -231*r - 56. What is the hundreds digit of f(-4)?
8
Let q = -17 + 17. Let b(s) = -s**2 + s + 37. What is the units digit of b(q)?
7
Let b be 3/(-4) - 91/28. What is the units digit of (2/b)/((-13)/468)?
8
Let z(o) = 84*o**2 - 20*o - 65. What is the hundreds digit of z(-3)?
7
Let s(q) = -4285*q**3 - q**2 - 16*q - 14. What is the tens digit of s(-1)?
8
Suppose -171*f + 168*f + 3681 = 0. What is the thousands digit of f?
1
Suppose 0 = g - 2, 0 = -h + 4*h + 3*g - 3. What is the tens digit of (-357)/(-6) + h/(-2)?
6
Suppose -1629*v = -1640*v + 9427. What is the tens digit of v?
5
Suppose 51*a - 20220 = -5*c + 46*a, -4*a + 4032 = c. What is the units digit of c?
8
Let x(b) = b**2 - b + 48. Let u be x(0). Suppose f = 4*f - u. What is the units digit of f?
6
Suppose -3*f + 89 + 119 = -5*i, -119 = 3*i + 4*f. Let l = i + 11. Let c = l + 41. What is the tens digit of c?
1
Let r = -262 + 504. What is the tens digit of r?
4
Let p(g) = g**3 + 13*g**2 + 5. Let x be ((-2)/3)/(2/39). Let b be p(x). Suppose -5*d = b*k - 335, -5*k = -3 + 23. What is the tens digit of d?
7
Suppose 6*l - l = 575. Suppose i = w + 3*i - 23, -5*w - i = -l. What is the units digit of w?
3
Let g(q) be the first derivative of -2*q**3 - 5*q + 1/4*q**4 - 1/2*q**2 - 2. What is the units digit of g(7)?
7
Suppose 4*y = -8*g + 3*g + 27, 3*g + 4*y = 21. Suppose g*i = 5*i - 6. Suppose -j - 5*r + 15 + 4 = 0, -i*j - 5*r = -37. What is the units digit of j?
9
Suppose -u = 4, -3*j - 1032 = -5*j - u. What is the units digit of j?
8
Let x(s) = -15*s**3 + s**2 + 6*s + 7. Let i be x(-2). Suppose -i = -3*v + 406. What is the units digit of v?
5
Suppose 0 = -12*y + 9*y - 483. Let n = y + 230. What is the tens digit of n?
6
Let o(p) = 2*p**2 - 7*p - 7. Suppose 3*m + 21 = -4*j, -3*m + 5 = -2*m. Let w be (3 - (-44)/(-12))*j. What is the units digit of o(w)?
3
Suppose -4840 = -2*f - 2*c, -2*f + 2*c + 7824 - 2976 = 0. What is the thousands digit of f?
2
Suppose 2*k = -n + 7, -2*k - 3*n + 10 = n. Let h(i) = i - 1 - i**2 + k + 17 + i**3 + 4. What is the tens digit of h(0)?
2
Let j(y) = y**3 + 11*y**2 - 3*y - 15. Let i be 4/((-20)/8 + 2) + -2. What is the tens digit of j(i)?
1
Let o(b) = -b**3 + 38*b**2 + 6*b - 70. What is the tens digit of o(38)?
5
Let t = -13 + 10. Let m be 15/(-10) - t/2. Suppose -y - 4*y + 40 = m. What is the units digit of y?
8
Let k be 4/(-26) - 22/26. Let d = k + -5. What is the units digit of 3 + d*1/(-2)?
6
Let s = 935 + -143. What is the units digit of s?
2
Suppose 0*b = -5*b - 720. What is the hundreds digit of b/(-120)*550/3?
2
Suppose -3*i + 5*n - 14 = -4*i, -2*n = -4. Suppose -2*o - 181 + 199 = 0. Suppose -o = -i*r + 7. What is the units digit of r?
4
What is the thousands digit of 691/((6 - 184/48) + -2)?
4
Let k = -126 - -74. What is the tens digit of k/6*(-33)/22?
1
Let y be (-1)/((-3)/(-6)) + 6. Suppose -y*r = -511 + 83. Suppose -b + r = 2*j, 2*j + 3*b - 11 = 106. What is the units digit of j?
1
Let f(y) = -51*y**3 - 2*y**2 - 2*y - 1. Let n be f(-1). Suppose n*d - 53*d + 180 = 0. What is the units digit of d?
0
Let a(m) = m**3 + 7*m**2 + 5*m - 8. Let d be a(-6). Let y be 483/(-18) + d/12. Let w = 42 + y. What is the tens digit of w?
1
Suppose -4*l + 355 + 245 = 0. What is the tens digit of l?
5
Let s be 2 + -5 - 346/(1 + -3). Suppose -s = -3*x - 4*t, -4*x + 2*t = -0*t - 190. What is the tens digit of x?
5
Let n = 108 + -37. Let l = -39 + n. What is the tens digit of l?
3
Let v(j) = j - 24. Let x be v(0). What is the tens digit of 18/4*(-1184)/x?
2
Let f(j) = j**3 + 9*j**2 + 2*j. Let d be f(-6). Suppose 8*x - 328 - d = 0. Suppose 3*n + x = 2*o + 2*n, -n + 3 = 0. What is the tens digit of o?
2
Let k(g) = 4*g + 40. Let m be k(-13). What is the units digit of (-1004)/(-24) - 2/m?
2
Let b = 24 + -28. Let r be ((-30)/b)/(15/(-20)). What is the units digit of 2/(-8)*1240/r?
1
Let o = -11266 + 15863. What is the tens digit of o?
9
Let n = -122 + 453. What is the hundreds digit of n?
3
Let j(m) be the second derivative of m**3/6 - 3*m**2 + 4*m. Let v be j(8). Suppose -w + v*w - 16 = 0. What is the tens digit of w?
1
Suppose -h = -5*r - 3 + 10, 40 = 4*h - 3*r. Suppose 2*w - 2*y = -2, -5*w + 3*w = -4*y + 4. Suppose w*l + h = l. What is the units digit of l?
3
Let v = 103 - 178. Let f = -1 - v. What is the tens digit of f?
7
Suppose -7*g + 1227 = -103. Suppose -521 = -3*q + g. What is the hundreds digit of q?
2
Suppose 2*q - 43 = 7. Let n = q + -45. What is the tens digit of (-100)/4*32/n?
4
Suppose -3*s - 3*n - 90 = 171, -465 = 5*s - 5*n. What is the units digit of (-108)/s*30/4?
9
Let o(r) = 7*r + 254. What is the tens digit of o(10)?
2
Let h(i) = -i**3 + 33*i**2 - 7*i - 94. What is the thousands digit of h(31)?
1
Suppose 0 = 2*i - 24 - 802. What is the units digit of i?
3
Let i(m) = -m - 12. Let r be i(-16). Suppose -r*t - 7*t = -1100. What is the hundreds digit of t?
1
Suppose 4*a + 13 = 5*l, 3*a + 0*a + 9 = 3*l. Let m = 12 + a. What is the tens digit of m?
1
Suppose -2*t = 141 - 55. Let a(d) = -17*d**2 - 4*d + 14. Let h be a(2). Let f = t - h. What is the tens digit of f?
1
Suppose -30*g + 2972 = -21268. What is the hundreds digit of g?
8
Let q(k) = k**3 - k**2 - k + 3. Let r be 0/(-1)*2/(-4). Let g be q(r). Suppose -y = g*y - 40. What is the units digit of y?
0
Suppose 2132 = -3*v - 2*x, 5*v = -0*x - x - 3565. Let y = v + 506. What is the tens digit of y/(-12)*(-6)/(-4)?
2
Let t(b) = b + 7. Let k be t(-3). Suppose 44 = -k*p + 596. What is the hundreds digit of p?
1
What is the thousands digit of (5 - 3727/(-2)) + (-27)/(-18)?
1
Let b(d) = -5*d + 75. Let o be b(-6). What is the tens digit of 33642/o + (-4)/10?
2
Suppose -9*f + 1268 = -109. What is the units digit of f?
3
Suppose -4*k = 312 + 140. Let l = k - -158. What is the tens digit of l?
4
Let w(b) be the first derivative of 37*b**3/3 - b**2 - b - 7. What is the tens digit of w(-1)?
3
Let r be 106/(-8) + -3 + (-26)/(-8). Let m(p) = -12*p**2 - p**3 + 4*p**3 - 4*p**3 + 4 + 12*p. What is the units digit of m(r)?
7
Let d(k) = -3*k - 1. Let b be d(-2). What is the units digit of 15/b*(-116)/(-6)?
8
Let b(l) = -2*l**3 + 21*l**2 + 12*l - 7. Let s be b(11). Suppose s*t = -h - h + 158, h - 4*t = 49. What is the tens digit of h?
6
Let m = 223 + 122. What is the units digit of m?
5
Suppose -2*k - 4*m - 20 = 0, k + 2*m = 6*k - 10. Suppose k = -4*l + l + 222. What is the units digit of l?
4
Let p = -20 + 23. Suppose -2*y = 5*n + 658, -4*n + y + p*y - 532 = 0. What is the tens digit of (-8)/3*n/8?
4
Let b be (2 - 0/(-3))*-20. Let o = -67 - b. What is the tens digit of (-9)/(o/66) + -3?
1
Let b = 12 + -3. Suppose 3 = -j, 5*j + 6 = -4*z - b. Suppose 3*u = 12, z = -4*n - 5*u - 6 + 110. What is the units digit of n?
1
Suppose -4*h + 5698 = -v, 4*h - 74*v - 5700 = -72*v. What is the tens digit of h?
2
Let g(n) = n**2 - 11*n. Let v be g(13). Let l = v + -24. Suppose 0 = 5*d + 4*u - 216, 2*d - 8 = -l*u + 78. What is the tens digit of d?
4
What is the units digit of (-2 - (-33)/12) + (-28038)/(-24)?
9
Let t(a) = 7*a + 9 + 4*a**2 - 10*a**2 - 12*a - 3*a**3. What is the units digit of t(-4)?
5
Suppose 0 = 3*k + 374 - 53. Let t = -7 - k. What is the hundreds digit of t?
1
Let a = -838 - 7. What is the units digit of (-2)/(-10) - a/25?
4
Suppose 3*k = 10 - 4.